{"id":42,"date":"2020-03-11T12:29:32","date_gmt":"2020-03-11T11:29:32","guid":{"rendered":"http:\/\/lamia.univ-antilles.fr\/newsite\/?page_id=42"},"modified":"2021-01-26T07:10:33","modified_gmt":"2021-01-26T06:10:33","slug":"master-mathematiques","status":"publish","type":"page","link":"https:\/\/lamia.univ-antilles.fr\/newsite\/formations\/master-mathematiques\/","title":{"rendered":"Master Math\u00e9matiques"},"content":{"rendered":"\n\r\n<h2 style='font-size:24px;' class='font-weight-bold'>Intitul\u00e9<\/h2>\r\n<p style='font-size:20px;'>Master Math\u00e9matiques et Application<\/p>\r\n\r\n<h2 style='font-size:24px;' class='font-weight-bold'>Parcours<\/h2>\r\n<p style='font-size:20px;'>Mod\u00e9lisation et outils d\u2019aide \u00e0 la d\u00e9cision (MOAD)<\/p>\r\n\r\n<h2 style='font-size:24px;' class='font-weight-bold'>Objectifs de la formation<\/h2>\r\n<p style='font-size:20px;text-align:justify;text-justify:auto;'> Adoss\u00e9 au Laboratoire de Math\u00e9matiques et Informatique Appliqu\u00e9es (LAMIA, EA4540), le Master \u00ab Math\u00e9matiques et Applications \u00bb a pour vocation d\u2019offrir d\u2019une part un enseignement des math\u00e9matiques de qualit\u00e9 et d\u2019autre part des d\u00e9bouch\u00e9s concrets aux \u00e9tudiants. Il s\u2019inscrit, \u00e0 nouveau, dans une d\u00e9marche de formations plus orient\u00e9es sur le monde du travail. Il vise \u00e0 former des \u00e9tudiants capables d\u2019utiliser l\u2019outil math\u00e9matique dans tous les domaines porteurs du monde \u00e9conomique guadeloup\u00e9en, antillais et carib\u00e9en, sans oublier l\u2019enseignement bien entendu.<\/p>\r\n\r\n<h2 style='font-size:24px;' class='font-weight-bold'>Responsable de la mention<\/h2>\r\n<p style='font-size:20px;text-align:justify;text-justify:auto;'>\r\nMadame Gis\u00e8le Ad\u00e9lie MOPHOU-LOUDJOM<br>\r\nProfesseur des Universit\u00e9s en Math\u00e9matiques Appliqu\u00e9es<br>\r\nSection de CNU (ou section CNRS, etc.) : 26<br>\r\nT\u00e9l\u00e9phone : <a href='tel:0590483088'>0590 48 30 88<\/a><br>\r\nAdresse \u00e9lectronique : <a href='mailto:gisele.mophou@univ-antilles.fr'>gisele.mophou@univ-antilles.fr<\/a>\r\n<\/p>\r\n\r\n<p style='font-size:20px;text-align:right;'><a class='font-weight-bold' style='color:midnightblue;text-decoration:none;font-weight:bold;' href='http:\/\/lamia.univ-antilles.fr\/uploads\/LAMIA\/Presentation_synth%C3%A9tique_Master_01_10_21%5B11104%5D.pdf' role='button'><img width='20' src='https:\/\/upload.wikimedia.org\/wikipedia\/commons\/thumb\/8\/87\/PDF_file_icon.svg\/267px-PDF_file_icon.svg.png'> Fiche de pr\u00e9sentation synth\u00e9tique<\/a><\/p>\r\n\r\n<p style='font-size:20px;text-align:right;'><a class='btn btn-dark' href='http:\/\/formations.univ-antilles.fr\/#\/formation\/95' role='button'>Voir le d\u00e9tail de cette formation<\/a><\/p>\n","protected":false},"excerpt":{"rendered":"","protected":false},"author":1,"featured_media":0,"parent":13,"menu_order":2,"comment_status":"closed","ping_status":"closed","template":"","meta":[],"_links":{"self":[{"href":"https:\/\/lamia.univ-antilles.fr\/newsite\/wp-json\/wp\/v2\/pages\/42"}],"collection":[{"href":"https:\/\/lamia.univ-antilles.fr\/newsite\/wp-json\/wp\/v2\/pages"}],"about":[{"href":"https:\/\/lamia.univ-antilles.fr\/newsite\/wp-json\/wp\/v2\/types\/page"}],"author":[{"embeddable":true,"href":"https:\/\/lamia.univ-antilles.fr\/newsite\/wp-json\/wp\/v2\/users\/1"}],"replies":[{"embeddable":true,"href":"https:\/\/lamia.univ-antilles.fr\/newsite\/wp-json\/wp\/v2\/comments?post=42"}],"version-history":[{"count":2,"href":"https:\/\/lamia.univ-antilles.fr\/newsite\/wp-json\/wp\/v2\/pages\/42\/revisions"}],"predecessor-version":[{"id":333,"href":"https:\/\/lamia.univ-antilles.fr\/newsite\/wp-json\/wp\/v2\/pages\/42\/revisions\/333"}],"up":[{"embeddable":true,"href":"https:\/\/lamia.univ-antilles.fr\/newsite\/wp-json\/wp\/v2\/pages\/13"}],"wp:attachment":[{"href":"https:\/\/lamia.univ-antilles.fr\/newsite\/wp-json\/wp\/v2\/media?parent=42"}],"curies":[{"name":"wp","href":"https:\/\/api.w.org\/{rel}","templated":true}]}}